{"id":30264,"date":"2022-03-21T20:12:20","date_gmt":"2022-03-21T19:12:20","guid":{"rendered":"https:\/\/controverses-groupe3.mastercommunicationnumerique.fr\/?page_id=30264"},"modified":"2022-03-21T23:08:38","modified_gmt":"2022-03-21T22:08:38","slug":"sitographie-2","status":"publish","type":"page","link":"https:\/\/mastercommunicationnumerique.fr\/2021-2022\/groupe3\/sitographie-2\/","title":{"rendered":"Sitographie"},"content":{"rendered":"<p>[et_pb_section fb_built=\u00a0\u00bb1&Prime; _builder_version=\u00a0\u00bb4.10.5&Prime; _module_preset=\u00a0\u00bbdefault\u00a0\u00bb background_color=\u00a0\u00bb#f0fbff\u00a0\u00bb custom_padding=\u00a0\u00bb13px||0px|||\u00a0\u00bb global_colors_info=\u00a0\u00bb{}\u00a0\u00bb][et_pb_row _builder_version=\u00a0\u00bb4.10.5&Prime; _module_preset=\u00a0\u00bbdefault\u00a0\u00bb global_colors_info=\u00a0\u00bb{}\u00a0\u00bb][et_pb_column type=\u00a0\u00bb4_4&Prime; _builder_version=\u00a0\u00bb4.10.5&Prime; _module_preset=\u00a0\u00bbdefault\u00a0\u00bb global_colors_info=\u00a0\u00bb{}\u00a0\u00bb][et_pb_text _builder_version=\u00a0\u00bb4.10.5&Prime; _module_preset=\u00a0\u00bbdefault\u00a0\u00bb text_font=\u00a0\u00bbCabin||||||||\u00a0\u00bb text_text_color=\u00a0\u00bb#09506f\u00a0\u00bb text_font_size=\u00a0\u00bb36px\u00a0\u00bb global_colors_info=\u00a0\u00bb{}\u00a0\u00bb]<\/p>\n<p>Sitographie<\/p>\n<p>[\/et_pb_text][et_pb_divider color=\u00a0\u00bb#03506f\u00a0\u00bb divider_weight=\u00a0\u00bb3px\u00a0\u00bb _builder_version=\u00a0\u00bb4.10.5&Prime; _module_preset=\u00a0\u00bbdefault\u00a0\u00bb width=\u00a0\u00bb29%\u00a0\u00bb global_colors_info=\u00a0\u00bb{}\u00a0\u00bb][\/et_pb_divider][\/et_pb_column][\/et_pb_row][\/et_pb_section][et_pb_section fb_built=\u00a0\u00bb1&Prime; _builder_version=\u00a0\u00bb4.10.5&Prime; _module_preset=\u00a0\u00bbdefault\u00a0\u00bb global_colors_info=\u00a0\u00bb{}\u00a0\u00bb][et_pb_row _builder_version=\u00a0\u00bb4.10.5&Prime; _module_preset=\u00a0\u00bbdefault\u00a0\u00bb global_colors_info=\u00a0\u00bb{}\u00a0\u00bb custom_padding=\u00a0\u00bb32px|||||\u00a0\u00bb][et_pb_column type=\u00a0\u00bb4_4&Prime; _builder_version=\u00a0\u00bb4.10.5&Prime; _module_preset=\u00a0\u00bbdefault\u00a0\u00bb global_colors_info=\u00a0\u00bb{}\u00a0\u00bb][et_pb_text _builder_version=\u00a0\u00bb4.10.5&Prime; _module_preset=\u00a0\u00bbdefault\u00a0\u00bb text_font=\u00a0\u00bbABeeZee||||||||\u00a0\u00bb text_font_size=\u00a0\u00bb16px\u00a0\u00bb custom_padding=\u00a0\u00bb0px|||||\u00a0\u00bb hover_enabled=\u00a0\u00bb0&Prime; global_colors_info=\u00a0\u00bb{}\u00a0\u00bb sticky_enabled=\u00a0\u00bb0&Prime;]<\/p>\n<ul>\n<li>\n<p tab-interval=\"0.5in\">Boluze, L. (2021, 26 avril). <span style=\"color: #1aa6b7;\"><a href=\"https:\/\/www.capital.fr\/economie-politique\/etat-durgence-definition-et-effets-1401245\" style=\"color: #1aa6b7;\"><i>Etat d\u2019urgence : d\u00e9finition et effets et \u00e9tat d\u2019urgence sanitaire<\/i>.<\/a> <\/span>Capital.fr.<\/p>\n<\/li>\n<\/ul>\n<p>&nbsp;<\/p>\n<ul>\n<li>\n<p tab-interval=\"0.5in\">Bergoignan-Esper, C. (2021, 19 f\u00e9vrier). <span style=\"color: #1aa6b7;\"><a href=\"https:\/\/www.larevuedupraticien.fr\/article\/covid-19-nouvelles-derogations-au-secret-medical-par-les-systemes-dinformation-si-dep-et\" style=\"color: #1aa6b7;\"><i>Covid-19 : nouvelles d\u00e9rogations au secret m\u00e9dical par les syst\u00e8mes d\u2019information SI-DEP et Contact Covid<\/i>.<\/a><\/span> La Revue du Praticien.<\/p>\n<\/li>\n<\/ul>\n<p>&nbsp;<\/p>\n<ul>\n<li>\n<p tab-interval=\"0.5in\">CNCDH. (2020, 26 mai). <span style=\"color: #1aa6b7;\"><a href=\"https:\/\/www.cncdh.fr\/fr\/publications\/la-cncdh-souligne-les-dangers-de-lapplication-stopcovid\" style=\"color: #1aa6b7;\"><i>La CNCDH souligne les dangers de l\u2019application StopCovid <span style=\"color: #666666;\">| CNIL.<\/span><\/i><\/a><\/span><\/p>\n<\/li>\n<\/ul>\n<p>&nbsp;<\/p>\n<ul>\n<li>\n<p tab-interval=\"0.5in\">CNIL. (2021, 21 septembre). <i><span style=\"color: #1aa6b7;\"><a href=\"https:\/\/www.cnil.fr\/fr\/fuite-de-donnees-de-sante-ap-hp-que-pouvez-vous-faire-si-vous-etes-concerne\" style=\"color: #1aa6b7;\">Fuite de donn\u00e9es de sant\u00e9 de l\u2019AP-HP : que pouvez-vous faire si vous \u00eates concern\u00e9 ?<\/a><\/span> | CNIL<\/i>.<\/p>\n<\/li>\n<\/ul>\n<p>&nbsp;<\/p>\n<ul>\n<li>\n<p tab-interval=\"0.5in\">CNIL. (2021b, d\u00e9cembre 2).<span style=\"color: #1aa6b7;\"><a href=\"https:\/\/www.cnil.fr\/sites\/default\/files\/atoms\/files\/deliberation_ndeg_2021-143_du_2_decembre_2021_portant_avis_sur_le_projet_de_decret_modifiant_le_decret_du_29_mai_2020_relatif_a_tousanticovid.pdf\" style=\"color: #1aa6b7;\"> <i>D\u00e9lib\u00e9ration n\u00b0 2021\u2013143 du 2 d\u00e9cembre 2021 portant avis sur un projet de d\u00e9cret modifiant le d\u00e9cret n\u00b0 2020\u2013650 du 29 mai 2020 relatif au traitement de donn\u00e9es d\u00e9nomm\u00e9 \u00ab TousAntiCovid \u00bb<\/i>.\u00a0<\/a><\/span><\/p>\n<\/li>\n<\/ul>\n<p>&nbsp;<\/p>\n<ul>\n<li>Crichton, C. (2020, 29 mai). <a href=\"https:\/\/www.dalloz-actualite.fr\/flash\/stopcovid-parution-du-decret-portant-creation-de-l-application#.YjjkL5pKjOR\"><span style=\"color: #1aa6b7;\"><i>StopCovid : parution du d\u00e9cret portant cr\u00e9ation de l\u2019application<\/i>.<\/span><\/a> Protection des donn\u00e9es | Dalloz Actualit\u00e9.<\/li>\n<\/ul>\n<p>&nbsp;<\/p>\n<ul>\n<li>\n<p tab-interval=\"0.5in\">Dalmont, C. (2021, 22 avril). <a href=\"https:\/\/www.lefigaro.fr\/vox\/societe\/application-tousanticovid-la-lutte-contre-l-epidemie-est-l-occasion-d-une-acceleration-d-un-controle-sur-nos-vies-20210422\"><span style=\"color: #1aa6b7;\"><i>Application \u00ab TousAntiCovid \u00bb : \u00ab La lutte contre l\u2019\u00e9pid\u00e9mie est l\u2019occasion d\u2019une acc\u00e9l\u00e9ration d\u2019un contr\u00f4le sur nos vies\u00bb<\/i>.<\/span><\/a> Le Figaro.<\/p>\n<\/li>\n<\/ul>\n<p>&nbsp;<\/p>\n<ul>\n<li><span style=\"font-weight: 400;\">Dumez, H. (2020, 24 octobre). <span style=\"color: #1aa6b7;\"><a href=\"https:\/\/actu.fr\/occitanie\/toulouse_31555\/toulouse-la-nouvelle-charge-du-hacker-baptiste-robert-contre-l-application-tous-anticovid_36999104.html\" style=\"color: #1aa6b7;\"><i>Toulouse : La nouvelle charge du hacker Baptiste Robert contre l&rsquo; application Tous AntiCovid<\/i>.<\/a><\/span> actu.fr.<\/span><\/li>\n<\/ul>\n<p><span style=\"font-weight: 400;\"><\/span><\/p>\n<ul>\n<li>\n<p tab-interval=\"0.5in\">Gouty, F. (2020, 27 avril). <span style=\"color: #1aa6b7;\"><a href=\"https:\/\/www.journaldugeek.com\/2020\/04\/27\/stopcovid-cnil-developpement\/\" style=\"color: #1aa6b7;\"><i>StopCovid : la CNIL valide et l\u2019\u00e9quipe de d\u00e9veloppement se d\u00e9voile<\/i>.<\/a><\/span> Journal du Geek.<\/p>\n<\/li>\n<\/ul>\n<p>&nbsp;<\/p>\n<ul>\n<li>\n<p tab-interval=\"0.5in\"><span style=\"font-weight: 400;\">Iglesias, M. (2020, 9 octobre). <\/span><i style=\"font-size: 16px;\"><span>[Covid-19] <span style=\"color: #1aa6b7;\"><a href=\"https:\/\/aston.legal\/fr\/covid-tracage-numerique-donnees\/\" style=\"color: #1aa6b7;\">La l\u00e9gitimit\u00e9 du tra\u00e7age num\u00e9rique des donn\u00e9es devant le Parlement<\/a><\/span><\/span><\/i><span style=\"font-weight: 400;\">. Aston Avocats.\u00a0<\/span><\/p>\n<\/li>\n<\/ul>\n<p><span style=\"font-weight: 400;\"><\/span><\/p>\n<ul>\n<li>\n<p tab-interval=\"0.5in\"><span style=\"font-size: 16px;\">La Quadrature du Net (2020a, mars 19). <\/span><span style=\"font-size: 16px; color: #1aa6b7;\"><a href=\"https:\/\/www.laquadrature.net\/2020\/03\/19\/contre-le-covid-19-la-geolocalisation-deja-autorisee\/\" style=\"color: #1aa6b7;\"><i>Contre le COVID-19, la g\u00e9olocalisation d\u00e9j\u00e0 autoris\u00e9e<\/i>.<\/a><\/span><span style=\"font-size: 16px;\"> La Quadrature du Net.<\/span><\/p>\n<\/li>\n<\/ul>\n<p><span style=\"font-size: 16px;\"><\/span><\/p>\n<ul>\n<li>\n<p tab-interval=\"0.5in\">La Quadrature du Net (2020e, avril 9). <span style=\"color: #1aa6b7;\"><a href=\"https:\/\/www.laquadrature.net\/2020\/04\/08\/la-crise-sanitaire-ne-justifie-pas-dimposer-les-technologies-de-surveillance\/\" style=\"color: #1aa6b7;\"><i>La crise sanitaire ne justifie pas d\u2019imposer les technologies de surveillance<\/i>.<\/a><\/span> La Quadrature du Net.<\/p>\n<\/li>\n<\/ul>\n<p>&nbsp;<\/p>\n<ul>\n<li>La Quadrature du Net (2020b, avril 25). <span style=\"color: #1aa6b7;\"><a href=\"https:\/\/www.laquadrature.net\/2020\/04\/14\/nos-arguments-pour-rejeter-stopcovid\/\" style=\"color: #1aa6b7;\"><i style=\"font-size: 16px;\">Nos arguments pour rejeter StopCovid<\/i><\/a><\/span><span style=\"font-size: 16px;\"><span style=\"color: #1aa6b7;\"><a href=\"https:\/\/www.laquadrature.net\/2020\/04\/14\/nos-arguments-pour-rejeter-stopcovid\/\" style=\"color: #1aa6b7;\">.<\/a> <\/span>La Quadrature du Net.\u00a0<\/span><\/li>\n<\/ul>\n<p><span style=\"font-size: 16px;\"><\/span><\/p>\n<ul>\n<li>\n<p tab-interval=\"0.5in\">La Quadrature du Net (2020d, avril 25). <span style=\"color: #1aa6b7;\"><a href=\"https:\/\/www.laquadrature.net\/2020\/04\/25\/stopcovid-est-un-projet-desastreux-pilote-par-des-apprentis-sorciers\/\" style=\"color: #1aa6b7;\"><i> \u00ab StopCovid est un projet d\u00e9sastreux pilot\u00e9 par des apprentis sorciers \u00bb<\/i>.<\/a><\/span> La Quadrature du Net.<\/p>\n<\/li>\n<\/ul>\n<p>&nbsp;<\/p>\n<ul>\n<li>La Quadrature du Net <span style=\"font-size: 16px;\"><\/span>(2020c, avril 27). <span style=\"color: #1aa6b7;\"><a href=\"https:\/\/www.laquadrature.net\/2020\/04\/27\/la-cnil-sarrete-a-mi-chemin-contre-stopcovid\/\" style=\"color: #1aa6b7;\"><i style=\"font-size: 16px;\">La CNIL s\u2019arr\u00eate \u00e0 mi-chemin contre StopCovid<\/i><\/a><\/span><span style=\"font-size: 16px;\"><span style=\"color: #1aa6b7;\"><a href=\"https:\/\/www.laquadrature.net\/2020\/04\/27\/la-cnil-sarrete-a-mi-chemin-contre-stopcovid\/\" style=\"color: #1aa6b7;\">.<\/a> <\/span>La Quadrature du Net.\u00a0<\/span><\/li>\n<\/ul>\n<p><span style=\"font-size: 16px;\"><\/span><\/p>\n<ul>\n<li>\n<p tab-interval=\"0.5in\">Lesaffre, C. (2021, 2 juin). <span style=\"color: #1aa6b7;\"><a href=\"https:\/\/www.europe1.fr\/societe\/tousanticovid-apres-un-an-un-bilan-contraste-pour-lapplication-de-contact-tracing-4049089\" style=\"color: #1aa6b7;\"><i>TousAntiCovid : un an apr\u00e8s, quel bilan pour l\u2019application ?<\/i><\/a><\/span> Europe 1.<\/p>\n<\/li>\n<\/ul>\n<p>&nbsp;<\/p>\n<ul>\n<li>\n<p tab-interval=\"0.5in\">Lci, L. R. (2021, 30 novembre). <span style=\"color: #1aa6b7;\"><a href=\"https:\/\/www.tf1info.fr\/sante\/covid-19-la-cnil-deplore-toujours-des-irregularites-dans-les-dispositifs-sanitaires-2203356.html\" style=\"color: #1aa6b7;\"><i>Covid-19 : la CNIL d\u00e9plore toujours des irr\u00e9gularit\u00e9s dans les dispositifs sanitaires<\/i>.<\/a><\/span> TF1 INFO.<\/p>\n<\/li>\n<\/ul>\n<p>&nbsp;<\/p>\n<ul>\n<li>\n<p tab-interval=\"0.5in\">Manach, J. (2021, 9 d\u00e9cembre). <span style=\"color: #1aa6b7;\"><a href=\"https:\/\/www.nextinpact.com\/article\/49137\/tousanticovid-cnil-deplore-encore-tentation-solutionnisme-technologique\" style=\"color: #1aa6b7;\"><i>TousAntiCovid : la CNIL d\u00e9plore (encore) la tentation du \u00ab solutionnisme technologique \u00bb<\/i>.<\/a><\/span> nextinpact.com.<\/p>\n<\/li>\n<\/ul>\n<p>&nbsp;<\/p>\n<ul>\n<li>\n<p tab-interval=\"0.5in\">Minist\u00e8re des Solidarit\u00e9s et de la Sant\u00e9. (2022, 16 mars). <i><a href=\"https:\/\/solidarites-sante.gouv.fr\/actualites\/presse\/dossiers-de-presse\/article\/conseil-scientifique-covid-19\"><span style=\"color: #1aa6b7;\">Conseil scientifique Covid-19 <\/span><\/a>\u2013 solidarites-sante.gouv.fr<\/i><\/p>\n<\/li>\n<\/ul>\n<ul>\n<li>\n<p tab-interval=\"0.5in\">Nabat, Y. (2021, 29 avril). <span style=\"color: #1aa6b7;\"><a href=\"https:\/\/www.latribune.fr\/opinions\/tribunes\/certificat-vert-tousanticovid-passeport-sanitaire-la-technologie-peut-elle-nous-aider-a-sortir-de-la-crise-sanitaire-883488.html\" style=\"color: #1aa6b7;\"><i>Certificat vert, TousAntiCovid, passeport sanitaire : la technologie peut-elle nous aider \u00e0 sortir de la crise sanitaire ?<\/i><\/a><\/span> La Tribune<\/p>\n<\/li>\n<\/ul>\n<p>&nbsp;<\/p>\n<ul>\n<li><span style=\"font-weight: 400;\">Petillon, C.(2020, 28 avril). <\/span><span style=\"color: #1aa6b7;\"><a href=\"https:\/\/www.franceculture.fr\/numerique\/covid19-le-tracage-numerique-en-question\u00a0\" style=\"color: #1aa6b7;\"><i><span style=\"font-weight: 400;\">Covid-19 : le tra\u00e7age num\u00e9rique en question<\/span><\/i><\/a><\/span><span style=\"font-weight: 400;\"><span style=\"color: #1aa6b7;\"><a href=\"https:\/\/www.franceculture.fr\/numerique\/covid19-le-tracage-numerique-en-question\u00a0\" style=\"color: #1aa6b7;\">.<\/a><\/span> France Culture.\u00a0<\/span><\/li>\n<\/ul>\n<p><span style=\"font-weight: 400;\"><\/span><\/p>\n<ul>\n<li><span style=\"font-weight: 400;\">Poibeau, T. (2020, 8 septembre). <span style=\"color: #1aa6b7;\"><a href=\"https:\/\/theconversation.com\/quelles-limites-pour-le-tracage-numerique-stopcovid-et-au-dela-145199\" style=\"color: #1aa6b7;\"><i>Quelles limites pour le tra\u00e7age num\u00e9rique ? StopCovid et au-del\u00e0.<\/i><\/a><\/span> The Conversation.\u00a0<\/span><\/li>\n<\/ul>\n<p><span style=\"font-weight: 400;\"><\/span><\/p>\n<ul>\n<li>\n<p tab-interval=\"0.5in\">Qu\u2019est-ce que tu geek ? (2020, 4 juin). <span style=\"color: #1aa6b7;\"><a href=\"https:\/\/www.youtube.com\/watch?v=fsM0Ree1nFw\" style=\"color: #1aa6b7;\"><i>Faut-il installer Stop Covid ? La r\u00e9ponse va vous \u00e9tonner ! \u2013 A chaud #6<\/i>.<\/a><\/span> YouTube.<\/p>\n<\/li>\n<\/ul>\n<p>&nbsp;<\/p>\n<ul>\n<li>\n<p tab-interval=\"0.5in\"><i>Qu&rsquo;est-ce que tu geek ? (2020, 6 mai). <a href=\"https:\/\/www.youtube.com\/watch?v=Sj4w-nKin8M\"><span style=\"color: #1aa6b7;\">Le faux dilemme de Stop Covid (ft. Homo Fabulus) <\/span><\/a>\u2013 A chaud #5<\/i>. YouTube.<\/p>\n<\/li>\n<\/ul>\n<p>&nbsp;<\/p>\n<ul>\n<li>\n<p tab-interval=\"0.5in\">Sant\u00e9 Publique France. (2021, 29 d\u00e9cembre). <span style=\"color: #1aa6b7;\"><a href=\"https:\/\/www.santepubliquefrance.fr\/dossiers\/coronavirus-covid-19\/tousanticovid-tester-alerter-proteger\" style=\"color: #1aa6b7;\"><i>TousAntiCovid : tester-alerter-prot\u00e9ger<span style=\"color: #666666;\"> &#8211; santepubliquefrance.fr<\/span><\/i><\/a><\/span><\/p>\n<\/li>\n<\/ul>\n<p>&nbsp;<\/p>\n<ul>\n<li>\n<p tab-interval=\"0.5in\"><i>Service public (2022, 11 mars). <span style=\"color: #1aa6b7;\"><a href=\"https:\/\/www.service-public.fr\/particuliers\/actualites\/A14937\" style=\"color: #1aa6b7;\">R\u00e9gime de sortie de crise sanitaire : Jusqu\u2019\u00e0 quand ?<\/a><\/span><\/i> Service-public.fr.<\/p>\n<\/li>\n<\/ul>\n<p>&nbsp;<\/p>\n<ul>\n<li>\n<p tab-interval=\"0.5in\">TousAntiCovid (2020f). <span style=\"color: #1aa6b7;\"><a href=\"https:\/\/bonjour.tousanticovid.gouv.fr\/privacy.html\" style=\"color: #1aa6b7;\"><i>TousAntiCovid &#8211; note d\u2019information<\/i>.<\/a><\/span> TousAntiCovid.<\/p>\n<\/li>\n<\/ul>\n<p>&nbsp;<\/p>\n<ul>\n<li>\n<p tab-interval=\"0.5in\">Turcan, M. (2021, ao\u00fbt 24). <span style=\"color: #1aa6b7;\"><a href=\"https:\/\/www.numerama.com\/tech\/734284-tousanticovid-et-vos-donnees-personnelles-quels-sont-vraiment-les-risques.html\" style=\"color: #1aa6b7;\"><i>TousAntiCovid et vos donn\u00e9es personnelles : quels sont vraiment les risques ?<\/i> <\/a><\/span>Numerama.<\/p>\n<\/li>\n<\/ul>\n<p>&nbsp;<\/p>\n<ul>\n<li>\n<p tab-interval=\"0.5in\">Vie publique.fr. (2022, 2 f\u00e9vrier). <span style=\"color: #1aa6b7;\"><a href=\"https:\/\/www.vie-publique.fr\/fiches\/273947-quest-ce-que-letat-durgence-sanitaire\" style=\"color: #1aa6b7;\"><i>Qu\u2019est-ce que l\u2019\u00e9tat d\u2019urgence sanitaire ?<\/i>\u00a0<\/a><\/span><\/p>\n<p><span style=\"color: #1aa6b7;\"><\/span><\/p>\n<\/li>\n<\/ul>\n<p>&nbsp;<\/p>\n<p><span style=\"color: #1aa6b7;\"><\/span><\/p>\n<ul>\n<li>\n<p tab-interval=\"0.5in\">Yakin, J. (2021, 14 mai). <span style=\"color: #1aa6b7;\"><a href=\"https:\/\/www.francetvinfo.fr\/replay-radio\/le-vrai-du-faux\/l-application-tousanticovid-va-t-elle-conserver-nos-donnees-pendant-20ans_4605171.html\" style=\"color: #1aa6b7;\"><i>L\u2019application TousAntiCovid va-t-elle conserver nos donn\u00e9es pendant 20 ans ?<\/i><\/a><\/span> Franceinfo.<\/p>\n<\/li>\n<\/ul>\n<p>[\/et_pb_text][\/et_pb_column][\/et_pb_row][\/et_pb_section]<\/p>\n","protected":false},"excerpt":{"rendered":"<p>Sitographie Boluze, L. (2021, 26 avril). Etat d\u2019urgence : d\u00e9finition et effets et \u00e9tat d\u2019urgence sanitaire. Capital.fr. &nbsp; Bergoignan-Esper, C. (2021, 19 f\u00e9vrier). Covid-19 : nouvelles d\u00e9rogations au secret m\u00e9dical par les syst\u00e8mes d\u2019information SI-DEP et Contact Covid. La Revue du Praticien. &nbsp; CNCDH. (2020, 26 mai). La CNCDH souligne les dangers de l\u2019application StopCovid [&hellip;]<\/p>\n","protected":false},"author":4,"featured_media":0,"parent":0,"menu_order":0,"comment_status":"closed","ping_status":"closed","template":"","meta":{"_et_pb_use_builder":"on","_et_pb_old_content":"","_et_gb_content_width":"","footnotes":""},"class_list":["post-30264","page","type-page","status-publish","hentry"],"_links":{"self":[{"href":"https:\/\/mastercommunicationnumerique.fr\/2021-2022\/groupe3\/wp-json\/wp\/v2\/pages\/30264","targetHints":{"allow":["GET"]}}],"collection":[{"href":"https:\/\/mastercommunicationnumerique.fr\/2021-2022\/groupe3\/wp-json\/wp\/v2\/pages"}],"about":[{"href":"https:\/\/mastercommunicationnumerique.fr\/2021-2022\/groupe3\/wp-json\/wp\/v2\/types\/page"}],"author":[{"embeddable":true,"href":"https:\/\/mastercommunicationnumerique.fr\/2021-2022\/groupe3\/wp-json\/wp\/v2\/users\/4"}],"replies":[{"embeddable":true,"href":"https:\/\/mastercommunicationnumerique.fr\/2021-2022\/groupe3\/wp-json\/wp\/v2\/comments?post=30264"}],"version-history":[{"count":9,"href":"https:\/\/mastercommunicationnumerique.fr\/2021-2022\/groupe3\/wp-json\/wp\/v2\/pages\/30264\/revisions"}],"predecessor-version":[{"id":30389,"href":"https:\/\/mastercommunicationnumerique.fr\/2021-2022\/groupe3\/wp-json\/wp\/v2\/pages\/30264\/revisions\/30389"}],"wp:attachment":[{"href":"https:\/\/mastercommunicationnumerique.fr\/2021-2022\/groupe3\/wp-json\/wp\/v2\/media?parent=30264"}],"curies":[{"name":"wp","href":"https:\/\/api.w.org\/{rel}","templated":true}]}}